 13 - -5 - -10) + 127.
106
Calculate -19 + (-206 - -187) + (23 - 2) + -6.
-23
What is (19 + -9 - -18) + -36?
-8
Calculate (-814 - -805) + -1 + 1 + 14 - -10.
15
What is (-2 - (25 + (-42 - 2))) + 37?
54
Calculate (34 + -66 - (14 - 9)) + 28.
-9
Calculate 83 + -8 + (28 - 53) + (-7 - -1).
44
What is the value of (-93 + -37 - -279) + -175?
-26
Evaluate -13 + 23 + -13 - -118.
115
Evaluate 39 + -85 + (-16 - (4 - 2 - 4)).
-60
Evaluate 6 + 4 + -1 - (-2 + -9 + 7).
13
Evaluate -23 + 66 + (-60 - -24).
7
What is (-38 + 0 - (-18 - -37 - 20)) + 5?
-32
What is the value of 80 + -33 + -152 + 80?
-25
-6 - (72 + -34 + -46) - (-1 + 9)
-6
What is 11 + (-29 + 17 - 48) - -21?
-28
Calculate 21 + (-10 + -18 - 15) + 1.
-21
What is 29 + (3 - 7 - -28) + 9?
62
What is the value of -52 + 111 + -42 + -37?
-20
Calculate 52 + 8 + 1 + (8 - (22 - 28)).
75
What is the value of -55 - (-50 - 0) - -25?
20
Calculate (-23 + 11 - -9) + 0 - (13 + 1).
-17
Evaluate 20 - (33 - (-22 + (-25 - -20))).
-40
(3 - (11 - -3)) + -21 + 204 + -20 + 5
157
Calculate 9 - (-25 + 19 - -20) - (-40 - (-2 + 1)).
34
Evaluate -83 - (82 + -68 + -38 + -6).
-53
Calculate -64 - (-17 + -40 + 49).
-56
What is -8 + -7 - (8 - ((-6 - 3) + 19 + -12))?
-25
Calculate (-6 + -11 - -21 - (-1 - 3) - 10) + 35.
33
What is (-9 - 7) + 7 + (-17 - -13)?
-13
50 + (-228 - -106) + 157
85
-2 - -28 - ((27 - 68 - -26) + -1 + 8)
34
What is the value of (-50 + (24 - (-15 + 16)) - -13) + 158?
144
Calculate (10 - -86) + 2 + (-24 + 25 - -1).
100
Calculate -19 + 9 + -4 + -18 + -15 + -2.
-49
What is (11 - (-7 + 6)) + (36 - 0)?
48
Calculate -16 - ((-10 - -38) + (-128 - -17)).
67
What is (-52 - 20) + 348 + -361?
-85
What is the value of (-3 - 17) + (6 - (10 + (-6 - -2))) - 2?
-22
(10 + 32 - -20) + (0 - 3 - (-3 + -7))
69
Evaluate -54 - (16 + -30) - -58.
18
68 - ((-519 - -510) + 0 + 0 + 22)
55
What is the value of 25 + (-190 + 148 - (-3 + -29))?
15
(-21 - (0 + -6 + 0)) + 11 + 8
4
Evaluate 7 + (-26 - (-11 - 16)) + -33.
-25
What is -1 - -165 - (7 + -32 + 14 - (-2 + -22))?
151
What is the value of -13 + (19 - 77) + 61?
-10
-16 - ((0 - -3 - 21) + -2)
4
What is -42 - (-38 + 25 + -32 + 9)?
-6
What is the value of 53 - 1 - (60 + -39 + -9 + -14 + 1)?
53
What is -7 + 2 + -5 + 0 + -65 + 69 + -9?
-15
What is -3 + (5 - 6) + (-7 - (-9 - -15)) + 66?
49
Calculate 13 - 14 - -91 - 38.
52
(-3 - 0 - 0) + -7 - (-115 + (8 - -28))
69
12 + 20 + -10 + (10 - -1 - 135)
-102
Calculate (-352 - -377) + (-8 - 22) + -6 + 4.
-7
Evaluate 42 + (8 - (11 + -4 - 17)).
60
(0 - 0 - ((-6 - -1) + -7)) + -43
-31
What is 27 + (-16 - 0) + -5?
6
Evaluate (-94 - (-33 + -98)) + -135.
-98
What is the value of (1 + 15 + (35 - (-36 - -79)) - 3) + -82?
-77
What is the value of 11 + (2 - 5) - (73 + 23 + -9)?
-79
What is -77 - (56 - (62 - 0))?
-71
What is the value of (66 - (-14 - -29)) + (-134 - -155)?
72
-23 - 19 - (-2 + 15 + (-13 - -18))
-60
Evaluate (1 - ((33 - 0) + 1)) + -91 + 392 + -297.
-29
Calculate -1 + 31 - (-20 + -49 + 37 + 32).
30
Calculate -16 + (58 - (-11 + (14 - -5))).
34
What is -204 - -278 - (-4 - (-5 + -4 + 3))?
72
Evaluate -8 - (34 - -48 - 101).
11
Evaluate 272 + -232 - (22 + 4).
14
Evaluate 17 - 0 - (10 + -55 + 7 + -3).
58
What is the value of 106 - (-23 + 47) - 100?
-18
Evaluate (-1 - -9) + -12 + (-25 - (28 - (21 + -5))).
-41
Calculate -33 + 33 - (0 + 46 + (113 - 117)).
-42
-13 - (-14 - (11 + -8)) - 49
-45
What is 6 + -15 + -1 + (16 - -7 - -60)?
73
Calculate (-6 + 0 - (12 - (-1 - -14))) + (-23 - 4).
-32
Calculate 10 + 14 + -40 - (9 - -4).
-29
(24211 - 24109) + (-226 - 0)
-124
13 - (9 + 16) - (-16 - (3 - -4))
11
What is 228 - 135 - (135 - 10)?
-32
What is -60 - -38 - ((24 - 10) + -4)?
-32
Evaluate 5 - ((15 - 140) + (-6 - 0)) - (-75 + 74).
137
Evaluate -1 + 75 + (126 - 121 - (2 + 3)).
74
52 - ((-36 - -15 - -28) + 11)
34
14 + 0 - ((-84 - -53) + 44) - -98
99
What is -11 + 17 + -21 + 15?
0
65 - 1 - (39 - -36)
-11
Evaluate ((16 - (14 + -103)) + 13 - 8) + -21.
89
What is -17 + (-15 + -6 - 0) + (-1 - -14)?
-25
22 + (-3 - (29 + -25)) - 4
11
Evaluate (-66 - -59) + (-4 + -1 - 4 - 9).
-25
What is the value of -13 + 64 - 7 - (-5 - -10 - (-4 + 3))?
38
Calculate -9 + -3 - (-77 - -56) - (-44 + 0).
53
What is the value of -6 + -32 + 94 + -2?
54
Calculate -24 - (0 - (5 + -11)) - 22.
-52
Evaluate 14 - (2 - (-6 + -8) - 15) - -7.
20
Calculate 103 + -134 + (-94 - -145).
20
Evaluate 110 + -116 - (5 + -1 + 106 + -27) - 12.
-101
What is the value of (20 - 1) + -281 + 297 + 2 + -126?
-89
What is the value of -86 + (2 - -67) + -1?
-18
Evaluate -88 + 91 + -44 - -12.
-29
What is the value of 6 + 82 + (12 - 48)?
52
Calculate (-1 + -37 - -36) + 40 - 65.
-27
Calculate -16 + (-1 - (-17 - -6)) + 88 + 5.
87
Calculate 194 + -69 + -73 + -27.
25
27 + (-15 - -8) + -36 + 25
9
Evaluate -120 + 63 + 19 + (-4 - -1 - (5 - 3)).
-43
What is the value of -108 - (-51 - (-9 - -3 - 17))?
-80
What is -8 + 17 + -9 - (-9 - (-46 + -10))?
-47
What is (-6 + 4 + -4 - -8 - 7) + (-13 - -14)?
-4
What is the value of -112 + (-33 - (23 - 83))?
-85
What is (-32 - (7 + -31)) + (-21 - (5 + -3 + 1))?
-32
What is the value of (13 - (-2 - (-29 - -14))) + 8 + (-12 - 1)?
-5
What is the value of 0 + (58 + -25 - 69)?
-36
5666 + -5669 + (0 - (-3 - -4)) + (-2 - 84)
-90
What is the value of (7 - 0) + -1114 + 1145?
38
What is the value of 0 - (13 + (7 + -28 - -10) + -6)?
4
649 + -630 - ((1 - -2) + -35)
51
What is the value of -7 + 0 + -8 + (-12 - 21) + 25?
-23
Calculate 3 + (-17 - -22) - (10 + 0) - (1 + 14).
-17
Calculate -1 + 60 - (-33 - -31) - (-4 + -5 + 16).
54
-9 + -3 + -2 + 0 + (29 + -73 - -8)
-50
9 + 5 + (25 - 28) + (-2 - 76) + -5
-72
Evaluate 14 - (0 + 1) - (-122 + (149 - 48)).
34
-2 + 38 + (-5435 - -5366)
-33
What is the value of (-18 - -2) + -6 - (7 - 47)?
18
Calculate -20 + (7 - 0 - 8) + 28.
7
What is 4 + (-20 - -4) + (5 - -76) + 0?
69
What is -3936 - -3955 - (2 + (2 - -95))?
-80
Evaluate -5 - (36 - 9 - 6 - 18).
-8
Calculate (-9 - (-8 + (2 - -7))) + 68 - (-8 - 3).
69
Evaluate (13 + -19 - 9 - -34) + 7.
26
What is the value of (-28 - (-10 + 4)) + -84 + -4 + -1 + -8?
-119
What is the value of -89 + 17 + 144 + (-2 + -1 - (0 - 0))?
69
Calculate (-88 - 3) + (-17 - (-2 - 21)) + (-1 - 2).
-88
What is the value of 9 + -11 + (-5 - -25 - -5)?
23
Evaluate -7 + 29 + -1 - (8 + -2 + -7).
22
Evaluate -1046 - -1067 - (-2 + 69).
-46
Evaluate 98 + -174 - (18 + -141).
47
What is 11 + 33 - (317 + -281)?
8
What is 12 + -3 + 17 + -90 - -4?
-60
7592 + -7576 + (-92 - 0)
-76
What is the value of -18 + (-20 - -17) + 0 + -18?
-39
What is 94 - (-84 + 26 - -92)?
60
Evaluate 6 + ((8 - (17 + -7)) + -8 - (12 + -1)).
-15
What is the value of -9 + (-5 - 0) + -27?
-41
(-4 - (-2 - 7)) + (-10 - (8 - 5))
-8
Calculate -17 - (-10 - 2) - 14 - 11.
-30
44 + 1 + (-1255 - -1130)
-80
-49 - (-33 - (-12 - 31) - (7 + 2))
-50
Evaluate 15 - (19 - (-6 + (-4 - -10) - 18)).
-22
What is the value of -5 - (46 - (34 + 65))?
48
63 + 0 + (82 - 92) + 8 + -4 + 0
57
147 + -156 - (6 + 16)
-31
Evaluate -18 - -7 - -55 - 19.
25
Calculate -27 + 71 - (-14 + (9 - -3)).
46
What is the value of 7 - -6 - (-15 + (10 - (14 - (2 - -11))))?
19
What is -40 + -10 + 27 + 18?
-5
What is (-101 - (2 + -8 + 74 + -78)) + 13?
-78
What is (-11 - 23 - 5) + -15 - -13?
-41
Evaluate -8 - (-12 - -10 - -10 - (0 + -32)).
-48
What is 75 + (16 - (60 - 31))?
62
Calculate 5 - (8 + 0 + -7 + 33 + -13 + 17).
-33
What is -22 + 0 + 3 + -690 + 721?
12
What is the value of 9 + (-3 + (15 - -2) - 15) + (0 - 35)?
-27
What is -7 + -1 - 7 - (204 + -257)?
38
What is (1 - -101) + 776 + -755 + (-10 - 0)?
113
What is 2098 - 1999 - (0 - -54)?
45
What is the value of -18 + -18 + 34 + (-1 - 1) + 22?
18
Evaluate (-38 - 8 - (-26 + 7) - -11) + -1 + 0.
-17
34 + 61 + -44 + -19
32
-58 - -37 - (2 + -4) - (8 + -1)
-26
Calculate -8 + (-51 - -74 - (1 + 86)).
-72
66 + 0 - (-600 + 271 + 326)
69
Calculate -90 + (19 - -16 - -19).
-36
What is the value of (-9 + -28 - 7) + -25 + 38?
-31
What is 1 + (63 - (35 + -11) - 7)?
33
Calculate -28 + 9 - -191 - 83.
89
Evaluate -13 - (-2 - -4 - -1 - -53 - (-491 - -488)).
-72
What is the value of -1 - 7 - ((2 - -8 - 3) + -311 + 321)?
-25
Calculate -2 - -78 - (-12 + -13 + 30 + 0 + 0).
71
Calculate 29 + 4 + (-30 - (31 + -20)).
-8
What is 58 + (42 - 2) + -122?
-24
Evaluate (-2 - 5) + 67 + -18 + -3 + 11.
50
What is the value of 43 - -10 